me factors of 20156711.
29, 695059
List the prime factors of 50976223.
3229, 15787
List the prime factors of 14194496.
2, 23, 9643
List the prime factors of 14666799.
3, 7, 698419
What are the prime factors of 664026700?
2, 5, 233, 28499
List the prime factors of 178838902.
2, 11, 1091, 7451
What are the prime factors of 12709573?
12709573
List the prime factors of 3379455721.
17, 198791513
What are the prime factors of 394716360?
2, 3, 5, 61, 53923
List the prime factors of 1868626976.
2, 173, 337541
List the prime factors of 124756182.
2, 3, 173, 40063
What are the prime factors of 874440002?
2, 19, 31, 43, 61, 283
List the prime factors of 1470959948.
2, 577, 673, 947
List the prime factors of 1443265088.
2, 23, 83, 11813
List the prime factors of 61908541.
47, 163, 8081
List the prime factors of 673741351.
1933, 348547
List the prime factors of 864355911.
3, 163, 269, 6571
What are the prime factors of 1101351663?
3, 19, 31, 207763
What are the prime factors of 83388776?
2, 73, 142789
What are the prime factors of 295276793?
7, 41, 146977
List the prime factors of 2804525493.
3, 7, 11, 23, 137, 3853
List the prime factors of 44149025.
5, 499, 3539
List the prime factors of 286633090.
2, 5, 17, 99181
What are the prime factors of 5670285980?
2, 5, 467, 607097
What are the prime factors of 1820238342?
2, 3, 13, 19, 211, 5821
List the prime factors of 237354691.
7, 33907813
What are the prime factors of 22510591?
22510591
What are the prime factors of 112708342?
2, 19, 2966009
List the prime factors of 3924533121.
3, 1308177707
What are the prime factors of 23815624?
2, 7, 425279
What are the prime factors of 108480707?
37, 131, 22381
What are the prime factors of 196127766?
2, 3, 19, 573473
What are the prime factors of 35571297?
3, 11857099
List the prime factors of 101321402.
2, 7, 13, 71, 7841
What are the prime factors of 30052519?
7, 211, 20347
What are the prime factors of 353572339?
353572339
What are the prime factors of 30586667?
79, 387173
List the prime factors of 41555004.
2, 3, 17, 31, 6571
What are the prime factors of 169595841?
3, 56531947
List the prime factors of 586626866.
2, 7, 853, 49123
List the prime factors of 2939232736.
2, 11, 59, 307, 461
List the prime factors of 348905262.
2, 3, 23, 2528299
What are the prime factors of 63773387?
7933, 8039
List the prime factors of 166632984.
2, 3, 7, 191, 577
What are the prime factors of 775482954?
2, 3, 6113, 21143
List the prime factors of 82559254.
2, 1129, 36563
List the prime factors of 45351969.
3, 13, 29, 40099
List the prime factors of 5074673.
5074673
List the prime factors of 11611400.
2, 5, 58057
What are the prime factors of 465257503?
19, 24487237
What are the prime factors of 854868983?
41, 20850463
What are the prime factors of 7496043?
3, 509, 4909
List the prime factors of 211214287.
47, 4493921
What are the prime factors of 1189996148?
2, 11, 27045367
What are the prime factors of 117745906?
2, 58872953
List the prime factors of 126248991.
3, 11, 677, 5651
What are the prime factors of 171054562?
2, 7, 12218183
What are the prime factors of 245965235?
5, 311, 367, 431
List the prime factors of 12381557.
12381557
What are the prime factors of 463483501?
13, 35652577
List the prime factors of 687533298.
2, 3, 311, 368453
What are the prime factors of 127750974?
2, 3, 13, 29, 56477
List the prime factors of 37004112.
2, 3, 313, 821
List the prime factors of 355969817.
7, 17, 173, 17291
What are the prime factors of 43905350?
2, 5, 878107
List the prime factors of 305835639.
3, 61, 107, 15619
List the prime factors of 1096991337.
3, 13, 2163691
What are the prime factors of 748030489?
73, 10246993
List the prime factors of 111792328.
2, 23, 467, 1301
List the prime factors of 240829380.
2, 3, 5, 11, 121631
What are the prime factors of 626193164?
2, 17, 41, 224603
What are the prime factors of 555376767?
3, 11, 29, 580331
List the prime factors of 26364523.
4483, 5881
What are the prime factors of 13291519?
13291519
List the prime factors of 6737217.
3, 2245739
List the prime factors of 143295253.
71, 569, 3547
List the prime factors of 48780079.
23, 59, 103, 349
List the prime factors of 18275186.
2, 9137593
What are the prime factors of 74072708?
2, 1009, 18353
What are the prime factors of 315820730?
2, 5, 17, 29, 47
List the prime factors of 22511675.
5, 19, 83, 571
List the prime factors of 22778746.
2, 29, 392737
List the prime factors of 3484700.
2, 5, 34847
What are the prime factors of 167440073?
373, 593, 757
What are the prime factors of 5980234742?
2, 37, 733, 110251
List the prime factors of 1168074874.
2, 4111, 142067
List the prime factors of 610840023.
3, 233, 873877
List the prime factors of 824943710.
2, 5, 19, 907, 4787
List the prime factors of 722981393.
722981393
List the prime factors of 88958228.
2, 19, 43, 163, 167
What are the prime factors of 7873293635?
5, 3547, 443941
What are the prime factors of 445719957?
3, 17, 8739607
What are the prime factors of 28885970?
2, 5, 2888597
What are the prime factors of 38094544?
2, 19, 125311
List the prime factors of 5050740075.
3, 5, 19, 179, 19801
List the prime factors of 691247123.
7, 97, 827, 1231
What are the prime factors of 6958881636?
2, 3, 7, 317, 261337
What are the prime factors of 4893155480?
2, 5, 739, 165533
What are the prime factors of 1437449076?
2, 3, 7, 17, 335539
What are the prime factors of 33695867?
33695867
What are the prime factors of 8116373964?
2, 3, 20981, 32237
What are the prime factors of 1232261958?
2, 3, 205376993
What are the prime factors of 2136221160?
2, 3, 5, 31, 151, 3803
List the prime factors of 5472364839.
3, 61, 79, 157, 2411
List the prime factors of 41318568.
2, 3, 17, 33757
List the prime factors of 5467000489.
5467000489
What are the prime factors of 327391257?
3, 109130419
What are the prime factors of 197724276?
2, 3, 359, 15299
What are the prime factors of 4747005390?
2, 3, 5, 158233513
List the prime factors of 1599263914.
2, 109, 113, 64921
What are the prime factors of 492712454?
2, 13, 18950479
What are the prime factors of 122203186?
2, 7, 23, 379513
What are the prime factors of 443110124?
2, 41, 379, 7129
What are the prime factors of 7032740098?
2, 17, 9839, 21023
List the prime factors of 251684161.
109, 2309029
List the prime factors of 393165218.
2, 1129, 174121
List the prime factors of 23447588.
2, 67, 87491
What are the prime factors of 5248023938?
2, 5297, 495377
List the prime factors of 800266105.
5, 3793, 42197
List the prime factors of 1018868263.
7, 67, 2172427
What are the prime factors of 60479393?
13, 1747, 2663
List the prime factors of 57465904.
2, 61, 97, 607
List the prime factors of 123992803.
11, 19, 383, 1549
What are the prime factors of 69499162?
2, 17, 349, 5857
List the prime factors of 1412106096.
2, 3, 151, 194827
What are the prime factors of 58097125?
5, 464777
List the prime factors of 79613505.
3, 5, 1769189
List the prime factors of 1253914160.
2, 5, 1931, 8117
List the prime factors of 162384059.
162384059
What are the prime factors of 36851779?
29, 1511
List the prime factors of 1289269659.
3, 429756553
List the prime factors of 10765650.
2, 3, 5, 7, 10253
What are the prime factors of 262688156?
2, 65672039
What are the prime factors of 712104155?
5, 7, 20345833
What are the prime factors of 181225495?
5, 11, 29, 113621
What are the prime factors of 311555086?
2, 647, 240769
What are the prime factors of 2178830099?
211, 10326209
List the prime factors of 70418723.
71, 167, 5939
What are the prime factors of 672804606?
2, 3, 79, 461, 3079
List the prime factors of 1980945589.
7, 40427461
What are the prime factors of 330116946?
2, 3, 55019491
List the prime factors of 1005514819.
389, 2584871
What are the prime factors of 3753665552?
2, 7, 13, 17, 151651
List the prime factors of 1398206236.
2, 7, 107, 593, 787
List the prime factors of 142236023.
142236023
List the prime factors of 2834860495.
5, 2621, 216319
List the prime factors of 162988761.
3, 13, 199, 21001
What are the prime factors of 225076471?
131, 1718141
List the prime factors of 1773411515.
5, 354682303
List the prime factors of 1901534408.
2, 29, 41, 199909
List the prime factors of 1978744357.
1978744357
What are the prime factors 